{"id":46,"date":"2017-11-15T12:02:46","date_gmt":"2017-11-15T11:02:46","guid":{"rendered":"http:\/\/powerball-austria.at\/webshop\/?post_type=product&#038;p=46"},"modified":"2017-11-16T15:15:07","modified_gmt":"2017-11-16T14:15:07","slug":"modell-688-aml-der-unzerbrechliche-autostart","status":"publish","type":"product","link":"https:\/\/powerball-austria.at\/webshop\/produkt\/modell-688-aml-der-unzerbrechliche-autostart\/","title":{"rendered":"Modell 688 AML der unzerbrechliche Autostart"},"content":{"rendered":"<p>Der unzerbrechliche Powerball mit Startautomatik und Multilichteffekt, Gewicht: 250 Gramm.<\/p>\n<p>Die Serie 688 sch\u00fctzt den Powerball durch ein neues Rotorsystem vor Besch\u00e4digung beim Fall aus geringer H\u00f6he.<\/p>\n<p>Zum Nachr\u00fcsten des Powerball steht der Drehzahlmesser SM02 zur Verf\u00fcgung.<\/p>\n","protected":false},"excerpt":{"rendered":"<div class=\"pl-desc\">Der unzerbrechliche Autostart, mit Multilichteffekt, 250 Gramm<\/div>\n","protected":false},"featured_media":66,"template":"","meta":[],"product_cat":[31],"product_tag":[],"_links":{"self":[{"href":"https:\/\/powerball-austria.at\/webshop\/wp-json\/wp\/v2\/product\/46"}],"collection":[{"href":"https:\/\/powerball-austria.at\/webshop\/wp-json\/wp\/v2\/product"}],"about":[{"href":"https:\/\/powerball-austria.at\/webshop\/wp-json\/wp\/v2\/types\/product"}],"wp:featuredmedia":[{"embeddable":true,"href":"https:\/\/powerball-austria.at\/webshop\/wp-json\/wp\/v2\/media\/66"}],"wp:attachment":[{"href":"https:\/\/powerball-austria.at\/webshop\/wp-json\/wp\/v2\/media?parent=46"}],"wp:term":[{"taxonomy":"product_cat","embeddable":true,"href":"https:\/\/powerball-austria.at\/webshop\/wp-json\/wp\/v2\/product_cat?post=46"},{"taxonomy":"product_tag","embeddable":true,"href":"https:\/\/powerball-austria.at\/webshop\/wp-json\/wp\/v2\/product_tag?post=46"}],"curies":[{"name":"wp","href":"https:\/\/api.w.org\/{rel}","templated":true}]}}